{"id":24,"date":"2016-02-05T22:14:53","date_gmt":"2016-02-05T21:14:53","guid":{"rendered":"http:\/\/botiga.nativa.cat\/?post_type=product&#038;p=24"},"modified":"2026-01-20T17:04:29","modified_gmt":"2026-01-20T15:04:29","slug":"la-musica-i-el-seu-reflex-en-la-societat","status":"publish","type":"product","link":"https:\/\/nativa.cat\/botiga\/producte\/la-musica-i-el-seu-reflex-en-la-societat\/","title":{"rendered":"La m\u00fasica i el seu reflex en la societat"},"content":{"rendered":"<p>El llibre \u00e9s un recull de textos que de diverses maneres posen l&#8217;accent en les correspond\u00e8ncies entre el funcionament de la societat i les din\u00e0miques a l&#8217;entorn de la m\u00fasica.<\/p>\n<p>S\u00f3n reflexions que tenen el seu origen en un cicle de tert\u00falies fetes durant el 2008 amb el t\u00edtol general \u201cEsmorzars de l&#8217;observatori\u201d. En la majoria dels casos, els seus autors els han escrit despr\u00e9s d&#8217;haver introdu\u00eft i participat en aquestes trobades, en qu\u00e8 tamb\u00e9 han intervingut m\u00fasics, afeccionats i activistes que vivim o circulem per Barcelona. Potser per aquest motiu traspuen una certa voluntat d\u2019apropar al m\u00f3n de l\u2019acci\u00f3 reflexions que, d&#8217;una altra manera, quedarien en un \u00e0mbit m\u00e9s abstracte. Si m\u00e9s no, aquesta \u00e9s la nostra voluntat a l\u2019hora d&#8217;obrir aquests processos de xerrada i de publicacions: mirar des de lluny per transformar all\u00f2 que tenim m\u00e9s a prop.<\/p>\n<p>\u00cdndex:<\/p>\n<p>INTRODUCCI\u00d3<br \/>\n<strong>Jordi Oliveras<\/strong><\/p>\n<p>EL DIT QUE ASSENYALA LA LLUNA: PENSAR LES M\u00daSIQUES EN LA SOCIETAT CONTEMPOR\u00c0NIA<br \/>\n<strong>Jaume Ayats<\/strong><\/p>\n<p>CONSUM MUSICAL I POSICI\u00d3 SOCIAL<br \/>\n<strong>Josep Verdaguer<\/strong><\/p>\n<p>M\u00daSICA I PERSUASI\u00d3<br \/>\n<strong>Perfecto Herrera Boyer<\/strong><\/p>\n<p>EL P\u00daBLIC ACTIU<br \/>\n<strong>Xose Avi\u00f1oa<\/strong><\/p>\n<p>CULTURA GRATU\u00cfTA: A QUIN PREU?<br \/>\n<strong>Antonio Castilla Cerezo<\/strong><\/p>\n<p>M\u00e9s informaci\u00f3:\u00a0<a href=\"https:\/\/www.nativa.cat\/2009\/06\/4-la-musica-i-el-seu-reflex-en-la-societat\/\">https:\/\/www.nativa.cat\/2009\/06\/4-la-musica-i-el-seu-reflex-en-la-societat\/<\/a><\/p>\n","protected":false},"excerpt":{"rendered":"<p>Davant\u00a0dels relats que expliquen la m\u00fasica com una mena d&#8217;objecte aut\u00f2nom,\u00a0en aquest llibre es proposen cinc\u00a0mirades sobre la m\u00fasica que incideixen en els vincles entre la pr\u00e0ctica musical i les relacions socials.<\/p>\n<p>ISBN &#8211; 978-84-613-2013-4<br \/>\nAny de l&#8217;edici\u00f3:\u00a02009<br \/>\nFormat:\u00a0R\u00daSTICA<br \/>\nP\u00e0gines:\u00a057<\/p>\n","protected":false},"featured_media":198,"template":"","meta":{"jetpack_post_was_ever_published":false,"jetpack_publicize_message":"","jetpack_publicize_feature_enabled":true,"jetpack_social_post_already_shared":true,"jetpack_social_options":{"image_generator_settings":{"template":"highway","default_image_id":0,"font":"","enabled":false},"version":2}},"product_brand":[],"product_cat":[21],"product_tag":[],"class_list":{"0":"post-24","1":"product","2":"type-product","3":"status-publish","4":"has-post-thumbnail","6":"product_cat-enviament","7":"product_shipping_class-enviament-gratuit","9":"first","10":"instock","11":"taxable","12":"shipping-taxable","13":"purchasable","14":"product-type-simple"},"jetpack_publicize_connections":[],"jetpack_sharing_enabled":true,"_links":{"self":[{"href":"https:\/\/nativa.cat\/botiga\/wp-json\/wp\/v2\/product\/24","targetHints":{"allow":["GET"]}}],"collection":[{"href":"https:\/\/nativa.cat\/botiga\/wp-json\/wp\/v2\/product"}],"about":[{"href":"https:\/\/nativa.cat\/botiga\/wp-json\/wp\/v2\/types\/product"}],"wp:featuredmedia":[{"embeddable":true,"href":"https:\/\/nativa.cat\/botiga\/wp-json\/wp\/v2\/media\/198"}],"wp:attachment":[{"href":"https:\/\/nativa.cat\/botiga\/wp-json\/wp\/v2\/media?parent=24"}],"wp:term":[{"taxonomy":"product_brand","embeddable":true,"href":"https:\/\/nativa.cat\/botiga\/wp-json\/wp\/v2\/product_brand?post=24"},{"taxonomy":"product_cat","embeddable":true,"href":"https:\/\/nativa.cat\/botiga\/wp-json\/wp\/v2\/product_cat?post=24"},{"taxonomy":"product_tag","embeddable":true,"href":"https:\/\/nativa.cat\/botiga\/wp-json\/wp\/v2\/product_tag?post=24"}],"curies":[{"name":"wp","href":"https:\/\/api.w.org\/{rel}","templated":true}]}}